t is the highest common factor of 4030 and 520?
130
Calculate the highest common factor of 192 and 172464.
48
What is the greatest common divisor of 55024 and 12844?
76
What is the greatest common factor of 11834 and 1586?
122
What is the greatest common divisor of 285 and 89745?
15
Calculate the greatest common factor of 1207328 and 464.
464
What is the greatest common factor of 75415 and 5?
5
Calculate the highest common factor of 186 and 153852.
6
Calculate the greatest common divisor of 56535 and 645.
15
What is the highest common factor of 44 and 1675036?
44
Calculate the highest common factor of 146055 and 156.
39
What is the highest common factor of 111023 and 44?
11
Calculate the highest common divisor of 78 and 116428.
26
Calculate the greatest common divisor of 35 and 6596660.
35
Calculate the highest common factor of 60 and 38320.
20
Calculate the highest common divisor of 310492 and 1820.
364
What is the greatest common divisor of 7775 and 60023?
311
What is the highest common factor of 246849 and 8988?
321
What is the greatest common divisor of 8680 and 8?
8
What is the greatest common divisor of 3059 and 30383?
23
Calculate the highest common factor of 1 and 81283.
1
Calculate the greatest common divisor of 416 and 2016144.
208
What is the greatest common factor of 702 and 279890?
26
What is the highest common factor of 2475 and 1800?
225
What is the highest common factor of 143 and 16511?
11
What is the highest common divisor of 549 and 8856?
9
Calculate the highest common divisor of 826 and 121422.
826
Calculate the greatest common factor of 17024 and 1120.
224
Calculate the highest common factor of 51980 and 260.
20
Calculate the highest common divisor of 9476 and 16892.
412
What is the highest common factor of 307509 and 24?
3
Calculate the highest common factor of 3936335 and 115.
115
What is the greatest common factor of 234 and 395910?
18
What is the highest common factor of 859362 and 42?
42
Calculate the greatest common divisor of 120814 and 58.
58
What is the greatest common divisor of 7395 and 1003?
17
Calculate the greatest common factor of 79895 and 285.
95
Calculate the highest common factor of 583 and 3551.
53
Calculate the highest common divisor of 1310 and 4061.
131
What is the greatest common factor of 605 and 21395?
55
What is the highest common factor of 747925 and 375?
25
Calculate the greatest common divisor of 15928888 and 29.
29
Calculate the highest common divisor of 3096 and 3744.
72
Calculate the greatest common divisor of 1025 and 4482325.
1025
Calculate the highest common divisor of 114 and 670700.
38
What is the highest common divisor of 19200 and 264?
24
Calculate the greatest common divisor of 513 and 27018.
171
What is the highest common divisor of 20 and 10692?
4
Calculate the greatest common divisor of 5614791 and 157.
157
Calculate the greatest common factor of 1953 and 17298.
279
Calculate the highest common factor of 16 and 1297.
1
Calculate the highest common factor of 10011 and 2769.
213
What is the highest common factor of 424 and 1508168?
424
Calculate the greatest common divisor of 1496 and 41174.
34
Calculate the greatest common factor of 10 and 2658.
2
Calculate the greatest common factor of 140 and 13210.
10
What is the greatest common divisor of 280770 and 882?
294
Calculate the greatest common factor of 59 and 29.
1
What is the highest common factor of 44 and 319132?
44
Calculate the highest common factor of 1 and 18905.
1
What is the highest common divisor of 1458 and 346194?
162
What is the greatest common divisor of 139578 and 46182?
258
Calculate the greatest common divisor of 3699007 and 13.
13
What is the greatest common divisor of 6115942 and 14?
14
What is the highest common factor of 11304 and 1061163?
1413
What is the highest common divisor of 652647 and 204?
51
Calculate the greatest common divisor of 136 and 3175464.
136
What is the highest common factor of 67732 and 2009?
287
Calculate the highest common divisor of 58280 and 190.
10
Calculate the greatest common factor of 100 and 584020.
20
Calculate the highest common factor of 2160 and 4608.
144
What is the greatest common factor of 3 and 110?
1
What is the greatest common factor of 6 and 884406?
6
Calculate the greatest common factor of 38986 and 1158.
386
What is the highest common factor of 982 and 283307?
491
What is the highest common factor of 10 and 8090?
10
What is the greatest common factor of 7183 and 26773?
653
Calculate the highest common factor of 3078 and 16848.
162
Calculate the highest common divisor of 360 and 3863880.
360
Calculate the highest common factor of 66624 and 24290.
694
What is the highest common factor of 41371 and 176?
11
Calculate the greatest common factor of 82685 and 2024.
23
Calculate the greatest common divisor of 50 and 194.
2
What is the greatest common factor of 483120 and 976?
976
Calculate the highest common factor of 55 and 2123.
11
What is the highest common factor of 207 and 1264563?
207
Calculate the highest common divisor of 35428 and 2924.
68
What is the highest common divisor of 10209 and 738?
123
Calculate the greatest common factor of 14425392 and 12.
12
What is the highest common divisor of 12969 and 88?
11
Calculate the greatest common factor of 98274 and 30.
6
What is the greatest common factor of 4212 and 104?
52
Calculate the highest common divisor of 187 and 7616.
17
What is the highest common divisor of 942 and 147266?
314
Calculate the greatest common divisor of 2132 and 2622196.
164
Calculate the highest common factor of 336438 and 36.
18
Calculate the greatest common factor of 3366 and 713394.
198
What is the highest common factor of 876456 and 752?
376
What is the highest common divisor of 1591 and 287231?
37
What is the greatest common factor of 1785 and 164815?
595
Calculate the greatest common divisor of 6936 and 11356.
68
What is the highest common factor of 99855 and 75129?
951
What is the greatest common factor of 9664 and 15251?
151
Calculate the greatest common factor of 1304 and 25664.
8
Calculate the greatest common divisor of 15 and 4143540.
15
What is the highest common divisor of 1407 and 4288?
67
What is the greatest common factor of 190 and 119358?
38
Calculate the highest common divisor of 1275 and 381525.
75
What is the greatest common factor of 76 and 185554?
38
Calculate the greatest common factor of 225 and 114300.
225
What is the greatest common divisor of 90643 and 97962?
563
Calculate the greatest common divisor of 36 and 322596.
36
Calculate the greatest common factor of 15510 and 4290.
330
Calculate the highest common divisor of 27844 and 4.
4
What is the highest common factor of 360 and 535392?
72
Calculate the greatest common divisor of 7242 and 3195.
213
What is the greatest common divisor of 877961 and 7?
7
What is the greatest common divisor of 5 and 202435?
5
Calculate the highest common divisor of 30828 and 40003.
367
What is the greatest common factor of 3 and 49701?
3
What is the greatest common divisor of 11 and 376541?
11
What is the highest common factor of 152 and 36423?
19
Calculate the highest common factor of 1573 and 12947.
121
What is the highest common factor of 319238 and 93062?
1178
What is the highest common factor of 135 and 396171?
27
What is the highest common divisor of 22521 and 15?
3
What is the highest common factor of 7811 and 535?
107
What is the highest common divisor of 747339 and 69?
69
Calculate the greatest common divisor of 5808 and 269016.
264
What is the greatest common divisor of 1178 and 1032517?
589
Calculate the greatest common factor of 16388 and 816.
68
Calculate the highest common factor of 1449 and 25851.
21
What is the greatest common factor of 97418 and 4087?
67
Calculate the highest common divisor of 68380 and 715.
65
Calculate the highest common divisor of 87 and 426.
3
What is the highest common divisor of 53255 and 235?
5
Calculate the greatest common factor of 14766 and 20544.
642
What is the greatest common divisor of 14041 and 247?
19
Calculate the greatest common divisor of 4352 and 126976.
256
What is the greatest common divisor of 179 and 813555?
179
What is the greatest common factor of 6463 and 40745?
281
Calculate the highest common factor of 90 and 3569670.
90
What 